late the greatest common factor of 29749 and 852.
71
What is the highest common divisor of 41561 and 391?
23
What is the highest common factor of 720 and 60880?
80
What is the highest common factor of 348 and 5684?
116
What is the highest common divisor of 76616 and 61?
61
What is the greatest common divisor of 20633748 and 636?
636
What is the greatest common factor of 994 and 405836?
142
Calculate the highest common divisor of 147 and 8589.
21
What is the highest common factor of 131 and 13231?
131
What is the highest common factor of 118059 and 118?
59
What is the greatest common factor of 48 and 23008?
16
Calculate the greatest common divisor of 7872 and 36572.
164
Calculate the greatest common factor of 307226 and 754.
58
Calculate the highest common factor of 384642 and 3213.
459
Calculate the highest common divisor of 7562370 and 30.
30
What is the highest common divisor of 4632040 and 20?
20
What is the highest common divisor of 17843 and 70?
7
What is the highest common factor of 2336 and 992?
32
What is the highest common factor of 41244 and 336?
84
What is the greatest common factor of 3008 and 23030?
94
Calculate the greatest common divisor of 1956 and 2438154.
978
Calculate the greatest common divisor of 366 and 10171506.
366
Calculate the greatest common factor of 2200 and 440.
440
What is the greatest common divisor of 6522 and 2454?
6
Calculate the highest common factor of 4030 and 1380678.
806
Calculate the greatest common factor of 286 and 102674.
286
What is the greatest common factor of 1326 and 72318?
102
What is the highest common divisor of 462707 and 17537?
1349
What is the greatest common divisor of 32198 and 136?
34
Calculate the highest common divisor of 903 and 37184.
7
Calculate the highest common divisor of 1953375 and 375.
375
Calculate the highest common factor of 103644 and 36.
36
What is the greatest common divisor of 1211 and 342367?
173
What is the highest common divisor of 1430 and 16874?
286
What is the greatest common factor of 910 and 3010?
70
What is the greatest common divisor of 27 and 439209?
27
Calculate the greatest common factor of 14 and 132706.
14
What is the greatest common divisor of 1023554 and 2938?
226
What is the highest common divisor of 4462401 and 1341?
447
Calculate the highest common factor of 131833 and 377.
13
What is the greatest common divisor of 16364 and 212?
4
What is the greatest common factor of 362 and 429151?
181
What is the highest common divisor of 675 and 377640?
45
Calculate the highest common factor of 5265 and 756054.
1053
What is the greatest common factor of 39 and 3615?
3
Calculate the highest common divisor of 67394 and 186.
62
What is the highest common divisor of 596952 and 72?
72
What is the greatest common factor of 14299695 and 45?
45
What is the greatest common factor of 1280 and 78400?
320
What is the greatest common divisor of 490 and 3079258?
98
Calculate the greatest common divisor of 759 and 122771.
11
What is the greatest common factor of 33 and 90310?
11
What is the greatest common factor of 1862 and 3914?
38
What is the highest common factor of 9 and 3021426?
9
Calculate the greatest common factor of 12371 and 534.
89
Calculate the greatest common divisor of 2884 and 2320178.
1442
Calculate the greatest common factor of 247 and 3287.
19
What is the highest common factor of 43227 and 108?
27
What is the highest common divisor of 173506 and 2?
2
What is the highest common divisor of 8828347 and 59?
59
What is the highest common divisor of 486 and 336150?
162
What is the greatest common factor of 8 and 296596?
4
What is the greatest common factor of 11908 and 156?
52
Calculate the highest common divisor of 522 and 396314.
58
What is the greatest common divisor of 178 and 2028666?
178
Calculate the highest common divisor of 75132 and 2064.
12
Calculate the greatest common divisor of 2370 and 1140.
30
Calculate the greatest common divisor of 99 and 33.
33
Calculate the highest common factor of 13662729 and 27.
27
What is the greatest common divisor of 257546 and 1048?
262
What is the highest common factor of 3456 and 1104?
48
Calculate the greatest common divisor of 656 and 2648.
8
What is the highest common factor of 137 and 211117?
137
Calculate the highest common factor of 2 and 17938.
2
Calculate the greatest common divisor of 127832 and 5800.
232
What is the highest common factor of 22632 and 35301?
123
Calculate the highest common factor of 15985 and 9085.
115
Calculate the highest common factor of 56886 and 190.
38
Calculate the highest common factor of 3038 and 11904.
62
Calculate the highest common factor of 117 and 3915132.
39
What is the highest common factor of 26505 and 39?
3
What is the greatest common divisor of 24 and 2879544?
24
What is the greatest common factor of 694782 and 36?
18
Calculate the highest common factor of 34947 and 693.
99
What is the greatest common factor of 644 and 7268?
92
What is the greatest common factor of 16 and 144016?
16
What is the highest common factor of 240 and 2953?
1
Calculate the highest common factor of 696 and 44424.
24
What is the highest common divisor of 786 and 923157?
393
What is the highest common divisor of 20 and 8652?
4
What is the highest common factor of 159600 and 18088?
1064
Calculate the greatest common factor of 24 and 647.
1
Calculate the highest common factor of 3887 and 4563.
169
Calculate the highest common divisor of 264 and 6082824.
264
What is the greatest common factor of 2093040 and 40?
40
What is the highest common factor of 492 and 19524?
12
What is the greatest common factor of 455792 and 32?
16
Calculate the highest common factor of 5384528 and 16.
16
What is the highest common divisor of 10469 and 14003?
19
Calculate the highest common divisor of 14376 and 72.
24
Calculate the greatest common divisor of 3546 and 3349.
197
Calculate the greatest common factor of 99 and 56595.
33
What is the highest common divisor of 720223 and 217?
217
Calculate the greatest common divisor of 80 and 25664.
16
Calculate the greatest common divisor of 630 and 25470.
90
What is the highest common factor of 601671 and 315?
21
Calculate the greatest common divisor of 7597 and 1136.
71
Calculate the highest common factor of 187 and 17567.
11
Calculate the highest common factor of 25761 and 1023.
93
What is the greatest common factor of 4576 and 374?
22
Calculate the highest common factor of 81 and 124047.
9
What is the greatest common factor of 1340556 and 84?
84
Calculate the highest common divisor of 72396 and 684.
36
Calculate the greatest common factor of 1178 and 3286.
62
Calculate the highest common divisor of 3300 and 6468.
132
What is the greatest common factor of 60333 and 19669?
221
Calculate the greatest common factor of 100541 and 1484.
371
Calculate the greatest common factor of 245503 and 5769.
641
Calculate the highest common factor of 209 and 6479.
209
What is the greatest common divisor of 228 and 26277?
57
What is the highest common divisor of 324 and 67448?
4
Calculate the highest common divisor of 7888 and 1160.
232
Calculate the greatest common factor of 306 and 1428.
102
What is the greatest common factor of 86597 and 267?
89
What is the highest common factor of 129256 and 8758?
302
What is the highest common factor of 41195 and 107?
107
What is the greatest common factor of 6318 and 63909?
243
What is the greatest common factor of 1720 and 21290?
10
Calculate the greatest common divisor of 73 and 20499422.
73
Calculate the highest common factor of 1302 and 636027.
651
Calculate the highest common divisor of 7055 and 6885.
85
Calculate the greatest common divisor of 968 and 771496.
968
What is the highest common factor of 578086 and 290?
58
What is the greatest common factor of 1491 and 10011?
213
What is the highest common factor of 3658 and 564866?
118
What is the highest common divisor of 44 and 140844?
44
What is the highest common factor of 38 and 43567?
19
What is the highest common divisor of 353734 and 40021?
1291
Calculate the greatest common factor of 498 and 17679.
249
What is the highest common factor of 687 and 180681?
687
Calculate the greatest common divisor of 12760 and 12650.
110
What is the greatest common divisor of 18649 and 17?
17
Calculate the highe